5, 120 = m*y + 5*p - 8. List the prime factors of y.
59
Let i(c) = c**3 - 7 + 2 + 10*c**2 - 7*c - 3*c. Suppose 71*m = m - 0*m - 700. List the prime factors of i(m).
5, 19
Let j be (-6 + -3)*2*(-2)/12. Suppose 6 = j*f - 0. Suppose -3*v + 2*m + 8 = -f*m, 3*v = 3*m + 9. What are the prime factors of v?
2
Let k be (-77463)/63 + 12/(-28). Let y = -727 - k. What are the prime factors of y?
503
Let n(j) = 13*j + 42. Let c be n(-3). Suppose s + 2*p - 68 = 0, -2*s - s + p + 190 = 0. Suppose s = -f + c*f. What are the prime factors of f?
2
Let k(g) = -12*g**3 - 18*g**2 + 8*g + 14. List the prime factors of k(-9).
2, 113
Let j be 6/10 + (26/5)/(-2). List the prime factors of j + (22/2 - 8/2).
5
Let z = 92979 + -37956. List the prime factors of z.
3, 18341
Suppose -2*r + 5*f = -15, -5*r - 2*f - f + 84 = 0. Suppose 7575 = r*y - 4245. What are the prime factors of y?
2, 197
Let f be (-11)/(-44) - 19131/12. Let v = f + 3093. List the prime factors of v.
1499
Let a(l) = 103*l**2 - 2*l - 40. Let x be a(-5). Suppose 80*y - x = 75*y. What are the prime factors of y?
509
Let v(z) = 277*z - 5602. List the prime factors of v(31).
3, 5, 199
List the prime factors of (-387981)/(-15) + 87/58 + (-3)/(-30).
25867
Let g(s) = -2254*s + 26. Let d be g(-1). Let c = -1241 + d. What are the prime factors of c?
1039
Let i be 23/(598/(-5430)) - (2 - (-96)/(-52)). Let d be (-2 - -5)*324/2. Let f = i + d. List the prime factors of f.
277
Let x(f) be the first derivative of 16*f**3 - 2*f**2 + 4*f - 16. Let n be x(3). Suppose 7*g = 3*g + n. What are the prime factors of g?
2, 53
Suppose 5*r = -5*z + 230, 0 = -3*z + 5*r - 7*r + 137. Let f = -37 + z. What are the prime factors of -7 + 153 + f/(-2)?
2, 71
List the prime factors of (-1)/6 + (-2133126)/(-108).
19751
Let h be (-22)/77 - 170/(-7). Let q = h + -22. Suppose -3*x - 3*l = q*x - 155, -4*x - l = -117. What are the prime factors of x?
2, 7
Suppose -4*r = -998 - 374. What are the prime factors of (-3)/(-7) - (-74284)/r?
7, 31
Let h = -83 + 93. Suppose -9*l + h*l - 532 = 2*g, 12 = 3*g. What are the prime factors of l?
2, 3, 5
Let s be 3/2*984/36. Suppose -39 = x - s. Suppose x*a - 238 = 4*j, -2*a + 0*j + j + 229 = 0. What are the prime factors of a?
113
Suppose -737*d + 733*d - 2000 = 0. Let f = d - -871. List the prime factors of f.
7, 53
Suppose 6 - 42 = -3*t. Let w be 5/((-15)/t) + 60. Let u = -35 + w. List the prime factors of u.
3, 7
Let r(a) be the second derivative of 9/2*a**2 + 13*a + 1/6*a**4 + 0 + 5/3*a**3. List the prime factors of r(-7).
37
Suppose 31*b = -5*b + 6480. Suppose j - 1 = 1. Suppose -488 = -j*v - b. List the prime factors of v.
2, 7, 11
Let m be (4 + 55/(-15))*-6. Let k be 2 + m*(-1 - 1). Let d(x) = 16*x - 9. List the prime factors of d(k).
3, 29
Let l(c) = -4559*c + 1321. List the prime factors of l(-4).
3, 41, 53
Let h = 19 - 23. Let p(d) = -d**2 - 6*d - 7. Let o be p(h). List the prime factors of 58 - -16 - o*-1.
3, 5
Suppose 75*m - 72*m = -3, 0 = -3*w - 2*m + 20560. List the prime factors of w.
2, 23, 149
Let z = 1118 - 715. Let l = z - 302. List the prime factors of l.
101
Let w(z) = -672*z + 236. What are the prime factors of w(-25)?
2, 4259
Let f = 38 + 287. Suppose -5*g = 25 + f. Let l = -14 - g. What are the prime factors of l?
2, 7
Let s = 168 - 125. Suppose s*w = 30516 + 17644. List the prime factors of w.
2, 5, 7
Let q(k) be the second derivative of 3*k**2 + 1/20*k**5 + 0 - k - 4/3*k**3 + 1/2*k**4. List the prime factors of q(-7).
13
Suppose 5*q + 2 = -2*x - 19, -17 = 4*x + 5*q. Suppose 285 = 5*d + 3*a - 692, -x*a = d - 201. What are the prime factors of d?
193
Let a = -150 + 147. Let d(g) = -g + 1. Let w be d(-4). What are the prime factors of (-2198)/(-42) - w/a?
2, 3
Let r = 59 - 49. Let k be (-54)/(-12) - (5/(-2) - -3). Let l = k + r. What are the prime factors of l?
2, 7
Let u be 14/14 - (0 - -1 - 5). Let n be (-3)/(-1) - (0 + 32 + u). Let j = 106 + n. List the prime factors of j.
2, 3
Let h(d) = -593*d - 1258. List the prime factors of h(-20).
2, 3, 19, 31
Suppose 5*z + 3*a - 17253 = 0, 4*z - 17433 = -2*a - 3629. List the prime factors of z.
3, 1151
Let z(y) be the second derivative of 83*y**4/12 - 2*y**3 - 61*y**2/2 + y - 42. What are the prime factors of z(-4)?
5, 263
Let p = 321 + -321. Suppose p = 4*t - 3682 + 1018. List the prime factors of t.
2, 3, 37
Let q = -1883 - -2687. Suppose 3*w - 391 = 2*w - 3*l, 5*l + q = 2*w. List the prime factors of w.
397
Suppose 0*q = -7*q + 42. Let g be 1 + 1/(2/q). Suppose -2*j - 3*f + 206 = -0*j, -g*j - 2*f = -412. What are the prime factors of j?
103
Suppose 19*v - 13*v = 0. Let x(j) = -j - 154. Let b(w) = 2*w + 463. Let y(k) = 4*b(k) + 11*x(k). What are the prime factors of y(v)?
2, 79
Let k be 1 - 54971/(-28) - (-9)/12. Suppose 4*h - 1263 = -b + k, 0 = h + 2*b - 807. What are the prime factors of h?
3, 269
Let a be 564 - (-6 + 7/(-7)). Suppose 317 + a = 3*y. List the prime factors of y.
2, 37
Let n be (184 - (5 - 7)) + -4. Let i = n - 94. What are the prime factors of i?
2, 11
Let j(y) = y**2 + 2*y - 2. Let p be j(2). Suppose -p*a + 2586 = -0*a. Suppose s - 4*n = 65, -106 = 5*s + 4*n - a. What are the prime factors of s?
5, 13
Let t(x) = 258*x - 30. Let r be t(5). Suppose -5*j - r + 3475 = 0. What are the prime factors of j?
443
Let g = -67 + 128. Let r = -55 + g. What are the prime factors of (r/1)/((-36)/(-630))?
3, 5, 7
Suppose 3*v = 12, -t + 3*v = 4*t - 133. Suppose t*u - 24384 = -5505. List the prime factors of u.
3, 7, 31
What are the prime factors of (34683*7/84)/(150/24 - 6)?
11, 1051
Let w be ((-84)/(-98))/((-1)/(-28)). Let k = -37 - w. Let r = 275 + k. What are the prime factors of r?
2, 107
Let f(m) = -2*m + 21. Let j be f(9). Let y be 3*33/9 + 2. Let i = y + j. List the prime factors of i.
2
Let m(i) = 181*i - 9. Let w be m(3). Let j = w - 318. List the prime factors of j.
2, 3
Let i(k) = -k**3 - 7*k**2 - 151*k - 58. What are the prime factors of i(-15)?
4007
Let h = -33 - -43. Suppose 5*b = -y + h, -3*b + 1 = -2*y - 5. Suppose 0 = -b*z + 120 + 184. List the prime factors of z.
2, 19
Suppose 4*u - 2*y - 620 = 0, -4*u + 69 = y - 551. Suppose -2*k + 144 = 5*a, -56 - 17 = -k - 2*a. Let m = u - k. List the prime factors of m.
2, 3, 13
Suppose 6*t = 121013 - 40186 + 67457. List the prime factors of t.
2, 3, 1373
Let g(o) = -o**2 + 3*o - 32. Let v be g(6). Let r(f) = -f**2 + 4*f - 24. Let m be r(-8). Let k = v - m. What are the prime factors of k?
2, 5, 7
Suppose 3*m = -89*i + 86*i + 2652, 5*m + 1733 = 2*i. Let h = i - 135. What are the prime factors of h?
2, 3, 31
Let k(o) = 0*o + 43*o**2 + 2 + 3*o - 9*o + 41*o**2. Let w be k(-3). Suppose d - 4*d = 4*c - w, 2*c - d - 378 = 0. List the prime factors of c.
191
Suppose 14*r - 15*r = -5. Suppose 0 = r*p - 12 - 8. Suppose -224 - 30 = -2*z - 2*o, o = -p*z + 505. What are the prime factors of z?
2, 3, 7
Let r(z) = -265*z + 1596. List the prime factors of r(-4).
2, 83
Suppose 0 = 249*u - 406*u + 2487194. What are the prime factors of u?
2, 89
Let w be (3/(18/39))/(6/(-12)). List the prime factors of 545/(-2)*(-19 - w).
3, 5, 109
Suppose 195*k + 206*k = 111*k + 6299670. List the prime factors of k.
3, 13, 557
Let v = 95 - 133. List the prime factors of ((-247)/v)/((-2)/(-24)).
2, 3, 13
Suppose -2 = 3*k + r + 6, -k + r = 4. Let p = -74 + k. Let l = 153 + p. What are the prime factors of l?
2, 19
Let t(f) = -f**2 - 13*f - 18. Let x be t(-11). Let q be 3/9*3*0. Suppose -x*l + 7 + 17 = q. What are the prime factors of l?
2, 3
Suppose 16 = 4*u - a + 5*a, -4*a = u - 7. Let s be (-3 + (u - 0))/2. Suppose -j - 2*j = 4*m - 288, 2*m + 4*j - 134 = s. List the prime factors of m.
3, 5
Suppose 0 = -18*j + 11*j + 3290. Let h = -252 + j. What are the prime factors of h?
2, 109
List the prime factors of (6 + 1)*54850/50.
7, 1097
Let h(a) = 8*a**2 - 16*a - 8. Let u(r) = 3*r**2 - 8*r - 4. Let x(j) = 2*h(j) - 5*u(j). List the prime factors of x(17).
3, 11, 13
Suppose -3*w + 0*w - 1674 = 0. Let r = w - -936. List the prime factors of 50/15*r/15.
2, 3, 7
Let t(u) = -2*u - 6. Let s be t(-5). Suppose -s*b + 3*b = 12. What are the prime factors of ((-9156)/(-15))/4 + b/(-30)?
3, 17
Let t(i) = -751*i + 1524. What are the prime factors of t(-14)?
2, 13, 463
Let b be 9/(-3) + 4 - -4. Suppose -4*k + 8*k = 2*a - 900, 0 = b